{"id":115,"date":"2017-05-05T17:12:58","date_gmt":"2017-05-05T15:12:58","guid":{"rendered":"http:\/\/wp12379237.server-he.de\/wordpress_stage\/?page_id=115"},"modified":"2018-12-07T15:50:52","modified_gmt":"2018-12-07T14:50:52","slug":"unser-engagement","status":"publish","type":"page","link":"http:\/\/wp12379237.server-he.de\/wordpress_stage\/ueber-uns\/unser-engagement\/","title":{"rendered":"Unser Engagement"},"content":{"rendered":"<p>[vc_row type=&#8220;vc_default&#8220; full_width=&#8220;stretch_row_content_no_spaces&#8220; css=&#8220;.vc_custom_1496416336075{margin-bottom: 0px !important;padding-bottom: 0px !important;}&#8220;][vc_column][vc_single_image image=&#8220;1682&#8243; img_size=&#8220;full&#8220; image_hovers=&#8220;false&#8220; css=&#8220;.vc_custom_1508331964197{margin-bottom: 0px !important;padding-bottom: 0px !important;}&#8220;][\/vc_column][\/vc_row][vc_row min_height=&#8220;100px&#8220;][vc_column]<style type=\"text\/css\" data-type=\"the7_shortcodes-inline-css\">.dt-breadcrumbs-id-88f6c995b4f135f30f990cd66fb1f44f .breadcrumbs {\n  display: inline-block;\n  margin: 0;\n  padding: 10px 10px 10px 0px;\n  border: 0px solid ;\n  border-radius: 0px;\n}\n.dt-breadcrumbs-id-88f6c995b4f135f30f990cd66fb1f44f .breadcrumbs * {\n  color: #000000;\n}\n<\/style><div class=\"dt-breadcrumbs-shortcode dt-breadcrumbs-id-88f6c995b4f135f30f990cd66fb1f44f align-left\"><div class=\"assistive-text\">Sie befinden sich hier:<\/div><ol class=\"breadcrumbs text-small\" itemscope itemtype=\"https:\/\/schema.org\/BreadcrumbList\"><li itemprop=\"itemListElement\" itemscope itemtype=\"https:\/\/schema.org\/ListItem\"><a itemprop=\"item\" href=\"http:\/\/wp12379237.server-he.de\/wordpress_stage\/\" title=\"\"><span itemprop=\"name\">Start<\/span><\/a><meta itemprop=\"position\" content=\"1\" \/><\/li><li class=\"current\" itemprop=\"itemListElement\" itemscope itemtype=\"https:\/\/schema.org\/ListItem\"><span itemprop=\"name\">Seite<\/span><meta itemprop=\"position\" content=\"2\" \/><\/li><\/ol><\/div>[vc_empty_space height=&#8220;48px&#8220;][vc_column_text]<\/p>\n<h1 style=\"text-align: center;\">Unser Engagement in der Gesellschaft<\/h1>\n<p>[\/vc_column_text][vc_empty_space height=&#8220;36px&#8220;][\/vc_column][\/vc_row][vc_row min_height=&#8220;100px&#8220;][vc_column width=&#8220;1\/4&#8243;][vc_empty_space height=&#8220;48px&#8220;][\/vc_column][vc_column width=&#8220;1\/2&#8243;][vc_column_text]<\/p>\n<p style=\"text-align: center;\">Rigpa e.V. unterst\u00fctzt verschiedenen Aktivit\u00e4ten, die sich u.a. f\u00fcr verbesserte Lebensbedingungen f\u00fcr Menschen in der Himalaya-Region, f\u00fcr die Vermeidung von fr\u00fchzeitigem Tod von Tieren, den Erhalt der buddhistischen Schriften sowie f\u00fcr den Dialog zwischen den Religionen einsetzen.<\/p>\n<p>[\/vc_column_text][\/vc_column][vc_column width=&#8220;1\/4&#8243;][\/vc_column][\/vc_row][vc_row][vc_column width=&#8220;1\/3&#8243;][vc_single_image image=&#8220;1567&#8243; img_size=&#8220;full&#8220; alignment=&#8220;center&#8220; css=&#8220;.vc_custom_1507716349940{margin-bottom: 0px !important;}&#8220;][vc_empty_space height=&#8220;36px&#8220;][vc_column_text css=&#8220;.vc_custom_1507717458249{margin-bottom: 0px !important;padding-bottom: 0px !important;}&#8220;]<strong>Mitglied der Deutschen Buddhistischen Union (DBU)<\/strong><\/p>\n<p>Rigpa e.V. engagiert sich als Mitglied in der <strong>Deutschen Buddhistischen Union <\/strong>\u00ad\u2013 der Dachverband der Buddhistinnen und Buddhisten und der buddhistischen Gemeinschaften in Deutschland.<\/p>\n<p><a href=\"http:\/\/www.buddhismus-deutschland.de\/\" target=\"_blank\" rel=\"noopener\">buddhismus-deutschland.de<\/a>[\/vc_column_text][vc_empty_space height=&#8220;48px&#8220;][\/vc_column][vc_column width=&#8220;1\/3&#8243;][vc_single_image image=&#8220;4544&#8243; img_size=&#8220;full&#8220; alignment=&#8220;center&#8220; css=&#8220;.vc_custom_1544194401467{margin-bottom: 0px !important;}&#8220;][vc_empty_space height=&#8220;36px&#8220;][vc_empty_space height=&#8220;36px&#8220;][vc_column_text css=&#8220;.vc_custom_1543915788388{margin-bottom: 0px !important;padding-bottom: 0px !important;}&#8220;]<strong>Lasst die Tiere leben e.V.\u00a0<\/strong><\/p>\n<p>Das Lebenshof-Projekt vor den Toren von Berlin hat sich zur Aufgabe gemacht, Nutztiere zu retten und ihnen ein Leben in Freiheit zu erm\u00f6glichen. Zudem ist es ein Projekt, dass\u00a0aufkl\u00e4ren und den Gedanken des friedvollen Zusammenlebens von Menschen und Tieren weiter tragen m\u00f6chte.<\/p>\n<p><a href=\"https:\/\/lasst-die-tiere-leben.org\/\" target=\"_blank\" rel=\"noopener\">lasst-die-tiere-leben.org<\/a><\/p>\n<p><a href=\"http:\/\/wp12379237.server-he.de\/wordpress_stage\/die-mitgliederversammlung-waehlt-einen-neuen-vorstand-fuer-den-rigpa-e-v\/\" target=\"_blank\" rel=\"noopener\">Folge dem Projekt auf Facebook<\/a><\/p>\n<p>[\/vc_column_text][vc_empty_space height=&#8220;48px&#8220;][\/vc_column][vc_column width=&#8220;1\/3&#8243;][vc_single_image image=&#8220;1569&#8243; img_size=&#8220;full&#8220; alignment=&#8220;center&#8220; css=&#8220;.vc_custom_1507979560171{margin-bottom: 0px !important;}&#8220;][vc_empty_space height=&#8220;36px&#8220;][vc_column_text css=&#8220;.vc_custom_1507979636967{margin-bottom: 0px !important;padding-bottom: 0px !important;}&#8220;]<b>Gesellschaftlicher Dialog: J\u00e4hrlicher Thementag<\/b><\/p>\n<p>Einmal im Jahr laden wir einen ganzen Tag zu einem gesellschaftlich relevanten Thema ein, stellen die buddhistische Sicht auf dieses Thema mit einem breitgef\u00e4cherten Programm vor und gehen in den Dialog mit Vertreter*innen aus der Gesellschaft. Eintritt ist frei.<\/p>\n<p><a href=\"http:\/\/wp12379237.server-he.de\/wordpress_stage\/zentren\/dharma-mati-berlin\/kalender-berlin\/eventdetails\/?cal-id=9378\" target=\"_blank\" rel=\"noopener\">rigpa.de\/zentren\/dharma-mati-berlin\/kalender-berlin<\/a>[\/vc_column_text][vc_empty_space height=&#8220;48px&#8220;][\/vc_column][\/vc_row][vc_row][vc_column width=&#8220;1\/3&#8243;][vc_single_image image=&#8220;1577&#8243; img_size=&#8220;full&#8220; alignment=&#8220;center&#8220; css=&#8220;.vc_custom_1507979676072{margin-bottom: 0px !important;}&#8220;][vc_empty_space height=&#8220;36px&#8220;][vc_column_text css=&#8220;.vc_custom_1507979714435{margin-bottom: 0px !important;padding-bottom: 0px !important;}&#8220;]<strong>Sukhavati \u2013 Zentrum f\u00fcr Spiritual Care in Bad Saarow<\/strong><\/p>\n<p>In Zeiten existenzieller Lebensumbr\u00fcche begeben sich Menschen auf die Suche nach einem tieferen Verst\u00e4ndnis von Krise und Krankheit, Leben und Sterben. Sukhavati will helfen, eine Krise als Chance f\u00fcr einen Perspektivwechsel und eine Neuorientierung zu nutzen.<\/p>\n<p><a href=\"http:\/\/www.sukhavati.eu\" target=\"_blank\" rel=\"noopener\">sukhavati.eu<\/a>[\/vc_column_text][vc_empty_space height=&#8220;48px&#8220;][\/vc_column][vc_column width=&#8220;1\/3&#8243;][vc_single_image image=&#8220;1570&#8243; img_size=&#8220;full&#8220; alignment=&#8220;center&#8220; css=&#8220;.vc_custom_1507717173044{margin-bottom: 0px !important;}&#8220;][vc_empty_space height=&#8220;36px&#8220;][vc_column_text css=&#8220;.vc_custom_1507717604240{margin-bottom: 0px !important;padding-bottom: 0px !important;}&#8220;]<strong>Interreligi\u00f6ser Dialog Berlin<\/strong><\/p>\n<p>In der Gespr\u00e4chsplattform \u201eBerliner Forum der Religionen\u201c engagiert sich Rigpa e.V. zusammen mit anderen religi\u00f6sen Gruppen f\u00fcr das gute Miteinander in der Berliner Stadtgesellschaft.<\/p>\n<p><a href=\"http:\/\/www.berliner-forum-religionen.de\/\" target=\"_blank\" rel=\"noopener\">berliner-forum-religionen.de<\/a>[\/vc_column_text][vc_empty_space height=&#8220;48px&#8220;][\/vc_column][vc_column width=&#8220;1\/3&#8243;][vc_single_image image=&#8220;1571&#8243; img_size=&#8220;full&#8220; alignment=&#8220;center&#8220; css=&#8220;.vc_custom_1507717220799{margin-bottom: 0px !important;}&#8220;][vc_empty_space height=&#8220;36px&#8220;][vc_column_text css=&#8220;.vc_custom_1507717709408{margin-bottom: 0px !important;padding-bottom: 0px !important;}&#8220;]<strong>Lange Nacht der Religionen<\/strong><\/p>\n<p>Rigpa e.V. beteiligt sich an der Langen Nacht der Religionen in Berlin und F\u00fcrth.<\/p>\n<p><a href=\"http:\/\/nachtderreligionen.de\/\" target=\"_blank\" rel=\"noopener\">nachtderreligionen.de<\/a>[\/vc_column_text][vc_empty_space height=&#8220;48px&#8220;][\/vc_column][\/vc_row][vc_row][vc_column width=&#8220;1\/3&#8243;][vc_single_image image=&#8220;1572&#8243; img_size=&#8220;full&#8220; alignment=&#8220;center&#8220; css=&#8220;.vc_custom_1507978045568{margin-bottom: 0px !important;}&#8220;][vc_empty_space height=&#8220;36px&#8220;][vc_column_text css=&#8220;.vc_custom_1507978075191{margin-bottom: 0px !important;padding-bottom: 0px !important;}&#8220;]<b>Orte der Stille\u00a0\u2013 Eine Initiative des Berliner Forums der Religionen<\/b><\/p>\n<p>Orte der Ruhe und Besinnung, der stillen Meditation oder des Gebets sind f\u00fcr jeden \u00f6ffentlich gemacht \u2013 unabh\u00e4ngig von Religion oder Weltanschauung.<\/p>\n<p><a href=\"http:\/\/www.orte-der-stille-berlin.de\/orte\/dharma-mati-rigpa-zentrum-berlin\/\" target=\"_blank\" rel=\"noopener\">orte-der-stille-berlin.de\/orte\/dharma-mati-rigpa-zentrum-berlin<\/a>[\/vc_column_text][vc_empty_space height=&#8220;48px&#8220;][\/vc_column][vc_column width=&#8220;1\/3&#8243;][vc_single_image image=&#8220;1677&#8243; img_size=&#8220;full&#8220; alignment=&#8220;center&#8220; css=&#8220;.vc_custom_1508331196516{margin-bottom: 0px !important;}&#8220;][vc_empty_space height=&#8220;36px&#8220;][vc_column_text css=&#8220;.vc_custom_1507978940143{margin-bottom: 0px !important;padding-bottom: 0px !important;}&#8220;]<strong>84000\u00a0<\/strong><\/p>\n<p>84000 ist eine weltweite gemeinn\u00fctzige Initiative, die die Worte des Buddha in moderne Sprachen \u00fcbersetzt und sie allen zur Verf\u00fcgung stellt.<\/p>\n<p><a href=\"http:\/\/84000.co\/\" target=\"_blank\" rel=\"noopener\">84000.co<\/a>[\/vc_column_text][vc_empty_space height=&#8220;48px&#8220;][\/vc_column][vc_column width=&#8220;1\/3&#8243;][vc_single_image image=&#8220;1678&#8243; img_size=&#8220;full&#8220; alignment=&#8220;center&#8220; css=&#8220;.vc_custom_1508331239823{margin-bottom: 0px !important;}&#8220;][vc_empty_space height=&#8220;36px&#8220;][vc_column_text css=&#8220;.vc_custom_1507718572161{margin-bottom: 0px !important;padding-bottom: 0px !important;}&#8220;]<strong>Lotsawa House<\/strong><\/p>\n<p>Lotsawa House ist ein Projekt, das buddhistische Texte aus dem Tibetischen ins Englische und andere Sprachen \u00fcbersetzt und kostenfrei in einer wachsenden Online-Bibliothek bereitstellt.<\/p>\n<p><a href=\"http:\/\/www.lotsawahouse.org\/de\/\" target=\"_blank\" rel=\"noopener\">lotsawahouse.org\/de<\/a>[\/vc_column_text][vc_empty_space height=&#8220;48px&#8220;][\/vc_column][\/vc_row][vc_row][vc_column width=&#8220;1\/3&#8243;][vc_single_image image=&#8220;1590&#8243; img_size=&#8220;full&#8220;][vc_empty_space height=&#8220;24px&#8220;][vc_column_text]<b>Art Tibet Cham Sem \u2013 Humanit\u00e4re Projekte<\/b><\/p>\n<p>Art Tibet Cham Sem ist ein gemeinn\u00fctziger humanit\u00e4rer Verein, der sowohl der tibetischen Bev\u00f6lkerung wie auch religi\u00f6sen tibetischen Gemeinschaften in Tibet und in der Region des Himalaya Hilfe leistet.<\/p>\n<p><a href=\"http:\/\/www.art-tibet.fr\/de\/startseite\/\" target=\"_blank\" rel=\"noopener\">art-tibet.fr\/de<\/a>[\/vc_column_text][vc_empty_space height=&#8220;48px&#8220;][\/vc_column][vc_column width=&#8220;1\/3&#8243;][vc_single_image image=&#8220;1574&#8243; img_size=&#8220;full&#8220; alignment=&#8220;center&#8220; css=&#8220;.vc_custom_1507718822356{margin-bottom: 0px !important;}&#8220;][vc_empty_space height=&#8220;48px&#8220;][vc_column_text css=&#8220;.vc_custom_1507718945735{margin-bottom: 0px !important;padding-bottom: 0px !important;}&#8220;]<strong>Kongress &#8222;Leben und Sterben\u00a0\u2013 Buddhistische Perspektiven<\/strong><\/p>\n<p>Gemeinsam mit der Deutschen Buddhistischen Union (DBU) organisierte Rigpa e.V. den DBU-Kongress 2016<\/p>\n<p><a href=\"http:\/\/www.leben-und-sterben-2016.de\/\" target=\"_blank\" rel=\"noopener\">leben-und-sterben-2016.de<\/a>[\/vc_column_text][vc_empty_space height=&#8220;48px&#8220;][\/vc_column][\/vc_row]<\/p>\n","protected":false},"excerpt":{"rendered":"<p>[vc_row type=&#8220;vc_default&#8220; full_width=&#8220;stretch_row_content_no_spaces&#8220; css=&#8220;.vc_custom_1496416336075{margin-bottom: 0px !important;padding-bottom: 0px !important;}&#8220;][vc_column][vc_single_image image=&#8220;1682&#8243; img_size=&#8220;full&#8220; image_hovers=&#8220;false&#8220; css=&#8220;.vc_custom_1508331964197{margin-bottom: 0px !important;padding-bottom: 0px !important;}&#8220;][\/vc_column][\/vc_row][vc_row min_height=&#8220;100px&#8220;][vc_column][vc_empty_space height=&#8220;48px&#8220;][vc_column_text] Unser Engagement in der Gesellschaft [\/vc_column_text][vc_empty_space height=&#8220;36px&#8220;][\/vc_column][\/vc_row][vc_row min_height=&#8220;100px&#8220;][vc_column width=&#8220;1\/4&#8243;][vc_empty_space height=&#8220;48px&#8220;][\/vc_column][vc_column width=&#8220;1\/2&#8243;][vc_column_text] Rigpa e.V. unterst\u00fctzt verschiedenen Aktivit\u00e4ten, die sich u.a. f\u00fcr verbesserte Lebensbedingungen f\u00fcr Menschen in der Himalaya-Region, f\u00fcr die Vermeidung von fr\u00fchzeitigem Tod von Tieren, den Erhalt&hellip;<\/p>\n","protected":false},"author":1,"featured_media":0,"parent":24,"menu_order":0,"comment_status":"closed","ping_status":"closed","template":"","meta":[],"acf":[],"yoast_head":"<!-- This site is optimized with the Yoast SEO plugin v19.0 - https:\/\/yoast.com\/wordpress\/plugins\/seo\/ -->\n<title>Unser Engagement - Rigpa e.V.<\/title>\n<meta name=\"robots\" content=\"index, follow, max-snippet:-1, max-image-preview:large, max-video-preview:-1\" \/>\n<link rel=\"canonical\" href=\"http:\/\/wp12379237.server-he.de\/wordpress_stage\/ueber-uns\/unser-engagement\/\" \/>\n<meta property=\"og:locale\" content=\"de_DE\" \/>\n<meta property=\"og:type\" content=\"article\" \/>\n<meta property=\"og:title\" content=\"Unser Engagement - Rigpa e.V.\" \/>\n<meta property=\"og:description\" content=\"[vc_row type=&#8220;vc_default&#8220; full_width=&#8220;stretch_row_content_no_spaces&#8220; css=&#8220;.vc_custom_1496416336075{margin-bottom: 0px !important;padding-bottom: 0px !important;}&#8220;][vc_column][vc_single_image image=&#8220;1682&#8243; img_size=&#8220;full&#8220; image_hovers=&#8220;false&#8220; css=&#8220;.vc_custom_1508331964197{margin-bottom: 0px !important;padding-bottom: 0px !important;}&#8220;][\/vc_column][\/vc_row][vc_row min_height=&#8220;100px&#8220;][vc_column][vc_empty_space height=&#8220;48px&#8220;][vc_column_text] Unser Engagement in der Gesellschaft [\/vc_column_text][vc_empty_space height=&#8220;36px&#8220;][\/vc_column][\/vc_row][vc_row min_height=&#8220;100px&#8220;][vc_column width=&#8220;1\/4&#8243;][vc_empty_space height=&#8220;48px&#8220;][\/vc_column][vc_column width=&#8220;1\/2&#8243;][vc_column_text] Rigpa e.V. unterst\u00fctzt verschiedenen Aktivit\u00e4ten, die sich u.a. f\u00fcr verbesserte Lebensbedingungen f\u00fcr Menschen in der Himalaya-Region, f\u00fcr die Vermeidung von fr\u00fchzeitigem Tod von Tieren, den Erhalt&hellip;\" \/>\n<meta property=\"og:url\" content=\"http:\/\/wp12379237.server-he.de\/wordpress_stage\/ueber-uns\/unser-engagement\/\" \/>\n<meta property=\"og:site_name\" content=\"Rigpa e.V.\" \/>\n<meta property=\"article:publisher\" content=\"https:\/\/www.facebook.com\/Dharma.Mati.Rigpa\/\" \/>\n<meta property=\"article:modified_time\" content=\"2018-12-07T14:50:52+00:00\" \/>\n<meta name=\"twitter:card\" content=\"summary\" \/>\n<meta name=\"twitter:label1\" content=\"Gesch\u00e4tzte Lesezeit\" \/>\n\t<meta name=\"twitter:data1\" content=\"5\u00a0Minuten\" \/>\n<script type=\"application\/ld+json\" class=\"yoast-schema-graph\">{\"@context\":\"https:\/\/schema.org\",\"@graph\":[{\"@type\":\"WebSite\",\"@id\":\"https:\/\/wp12379237.server-he.de\/wordpress_stage\/#website\",\"url\":\"https:\/\/wp12379237.server-he.de\/wordpress_stage\/\",\"name\":\"Rigpa e.V.\",\"description\":\"Eine weitere WordPress-Website\",\"potentialAction\":[{\"@type\":\"SearchAction\",\"target\":{\"@type\":\"EntryPoint\",\"urlTemplate\":\"https:\/\/wp12379237.server-he.de\/wordpress_stage\/?s={search_term_string}\"},\"query-input\":\"required name=search_term_string\"}],\"inLanguage\":\"de\"},{\"@type\":\"WebPage\",\"@id\":\"http:\/\/wp12379237.server-he.de\/wordpress_stage\/ueber-uns\/unser-engagement\/#webpage\",\"url\":\"http:\/\/wp12379237.server-he.de\/wordpress_stage\/ueber-uns\/unser-engagement\/\",\"name\":\"Unser Engagement - Rigpa e.V.\",\"isPartOf\":{\"@id\":\"https:\/\/wp12379237.server-he.de\/wordpress_stage\/#website\"},\"datePublished\":\"2017-05-05T15:12:58+00:00\",\"dateModified\":\"2018-12-07T14:50:52+00:00\",\"breadcrumb\":{\"@id\":\"http:\/\/wp12379237.server-he.de\/wordpress_stage\/ueber-uns\/unser-engagement\/#breadcrumb\"},\"inLanguage\":\"de\",\"potentialAction\":[{\"@type\":\"ReadAction\",\"target\":[\"http:\/\/wp12379237.server-he.de\/wordpress_stage\/ueber-uns\/unser-engagement\/\"]}]},{\"@type\":\"BreadcrumbList\",\"@id\":\"http:\/\/wp12379237.server-he.de\/wordpress_stage\/ueber-uns\/unser-engagement\/#breadcrumb\",\"itemListElement\":[{\"@type\":\"ListItem\",\"position\":1,\"name\":\"Startseite\",\"item\":\"https:\/\/wp12379237.server-he.de\/wordpress_stage\/\"},{\"@type\":\"ListItem\",\"position\":2,\"name\":\"\u00dcber uns\",\"item\":\"http:\/\/wp12379237.server-he.de\/wordpress_stage\/ueber-uns\/\"},{\"@type\":\"ListItem\",\"position\":3,\"name\":\"Unser Engagement\"}]}]}<\/script>\n<!-- \/ Yoast SEO plugin. -->","yoast_head_json":{"title":"Unser Engagement - Rigpa e.V.","robots":{"index":"index","follow":"follow","max-snippet":"max-snippet:-1","max-image-preview":"max-image-preview:large","max-video-preview":"max-video-preview:-1"},"canonical":"http:\/\/wp12379237.server-he.de\/wordpress_stage\/ueber-uns\/unser-engagement\/","og_locale":"de_DE","og_type":"article","og_title":"Unser Engagement - Rigpa e.V.","og_description":"[vc_row type=&#8220;vc_default&#8220; full_width=&#8220;stretch_row_content_no_spaces&#8220; css=&#8220;.vc_custom_1496416336075{margin-bottom: 0px !important;padding-bottom: 0px !important;}&#8220;][vc_column][vc_single_image image=&#8220;1682&#8243; img_size=&#8220;full&#8220; image_hovers=&#8220;false&#8220; css=&#8220;.vc_custom_1508331964197{margin-bottom: 0px !important;padding-bottom: 0px !important;}&#8220;][\/vc_column][\/vc_row][vc_row min_height=&#8220;100px&#8220;][vc_column][vc_empty_space height=&#8220;48px&#8220;][vc_column_text] Unser Engagement in der Gesellschaft [\/vc_column_text][vc_empty_space height=&#8220;36px&#8220;][\/vc_column][\/vc_row][vc_row min_height=&#8220;100px&#8220;][vc_column width=&#8220;1\/4&#8243;][vc_empty_space height=&#8220;48px&#8220;][\/vc_column][vc_column width=&#8220;1\/2&#8243;][vc_column_text] Rigpa e.V. unterst\u00fctzt verschiedenen Aktivit\u00e4ten, die sich u.a. f\u00fcr verbesserte Lebensbedingungen f\u00fcr Menschen in der Himalaya-Region, f\u00fcr die Vermeidung von fr\u00fchzeitigem Tod von Tieren, den Erhalt&hellip;","og_url":"http:\/\/wp12379237.server-he.de\/wordpress_stage\/ueber-uns\/unser-engagement\/","og_site_name":"Rigpa e.V.","article_publisher":"https:\/\/www.facebook.com\/Dharma.Mati.Rigpa\/","article_modified_time":"2018-12-07T14:50:52+00:00","twitter_card":"summary","twitter_misc":{"Gesch\u00e4tzte Lesezeit":"5\u00a0Minuten"},"schema":{"@context":"https:\/\/schema.org","@graph":[{"@type":"WebSite","@id":"https:\/\/wp12379237.server-he.de\/wordpress_stage\/#website","url":"https:\/\/wp12379237.server-he.de\/wordpress_stage\/","name":"Rigpa e.V.","description":"Eine weitere WordPress-Website","potentialAction":[{"@type":"SearchAction","target":{"@type":"EntryPoint","urlTemplate":"https:\/\/wp12379237.server-he.de\/wordpress_stage\/?s={search_term_string}"},"query-input":"required name=search_term_string"}],"inLanguage":"de"},{"@type":"WebPage","@id":"http:\/\/wp12379237.server-he.de\/wordpress_stage\/ueber-uns\/unser-engagement\/#webpage","url":"http:\/\/wp12379237.server-he.de\/wordpress_stage\/ueber-uns\/unser-engagement\/","name":"Unser Engagement - Rigpa e.V.","isPartOf":{"@id":"https:\/\/wp12379237.server-he.de\/wordpress_stage\/#website"},"datePublished":"2017-05-05T15:12:58+00:00","dateModified":"2018-12-07T14:50:52+00:00","breadcrumb":{"@id":"http:\/\/wp12379237.server-he.de\/wordpress_stage\/ueber-uns\/unser-engagement\/#breadcrumb"},"inLanguage":"de","potentialAction":[{"@type":"ReadAction","target":["http:\/\/wp12379237.server-he.de\/wordpress_stage\/ueber-uns\/unser-engagement\/"]}]},{"@type":"BreadcrumbList","@id":"http:\/\/wp12379237.server-he.de\/wordpress_stage\/ueber-uns\/unser-engagement\/#breadcrumb","itemListElement":[{"@type":"ListItem","position":1,"name":"Startseite","item":"https:\/\/wp12379237.server-he.de\/wordpress_stage\/"},{"@type":"ListItem","position":2,"name":"\u00dcber uns","item":"http:\/\/wp12379237.server-he.de\/wordpress_stage\/ueber-uns\/"},{"@type":"ListItem","position":3,"name":"Unser Engagement"}]}]}},"_links":{"self":[{"href":"http:\/\/wp12379237.server-he.de\/wordpress_stage\/wp-json\/wp\/v2\/pages\/115"}],"collection":[{"href":"http:\/\/wp12379237.server-he.de\/wordpress_stage\/wp-json\/wp\/v2\/pages"}],"about":[{"href":"http:\/\/wp12379237.server-he.de\/wordpress_stage\/wp-json\/wp\/v2\/types\/page"}],"author":[{"embeddable":true,"href":"http:\/\/wp12379237.server-he.de\/wordpress_stage\/wp-json\/wp\/v2\/users\/1"}],"replies":[{"embeddable":true,"href":"http:\/\/wp12379237.server-he.de\/wordpress_stage\/wp-json\/wp\/v2\/comments?post=115"}],"version-history":[{"count":28,"href":"http:\/\/wp12379237.server-he.de\/wordpress_stage\/wp-json\/wp\/v2\/pages\/115\/revisions"}],"predecessor-version":[{"id":4545,"href":"http:\/\/wp12379237.server-he.de\/wordpress_stage\/wp-json\/wp\/v2\/pages\/115\/revisions\/4545"}],"up":[{"embeddable":true,"href":"http:\/\/wp12379237.server-he.de\/wordpress_stage\/wp-json\/wp\/v2\/pages\/24"}],"wp:attachment":[{"href":"http:\/\/wp12379237.server-he.de\/wordpress_stage\/wp-json\/wp\/v2\/media?parent=115"}],"curies":[{"name":"wp","href":"https:\/\/api.w.org\/{rel}","templated":true}]}}