{"id":2294,"date":"2017-11-16T10:23:35","date_gmt":"2017-11-16T09:23:35","guid":{"rendered":"http:\/\/wp12379237.server-he.de\/wordpress_stage\/?page_id=2294"},"modified":"2020-01-13T11:44:31","modified_gmt":"2020-01-13T10:44:31","slug":"gaestehaus","status":"publish","type":"page","link":"http:\/\/wp12379237.server-he.de\/wordpress_stage\/zentren\/dharma-mati-berlin\/gaestehaus\/","title":{"rendered":"G\u00e4stehaus"},"content":{"rendered":"<p>[vc_row type=&#8220;vc_default&#8220; full_width=&#8220;stretch_row_content_no_spaces&#8220; css=&#8220;.vc_custom_1496416336075{margin-bottom: 0px !important;padding-bottom: 0px !important;}&#8220;][vc_column][vc_single_image image=&#8220;2361&#8243; img_size=&#8220;full&#8220; image_hovers=&#8220;false&#8220; css=&#8220;.vc_custom_1510913033902{margin-bottom: 0px !important;padding-bottom: 0px !important;}&#8220;][\/vc_column][\/vc_row][vc_row min_height=&#8220;100px&#8220;][vc_column]<style type=\"text\/css\" data-type=\"the7_shortcodes-inline-css\">.dt-breadcrumbs-id-88f6c995b4f135f30f990cd66fb1f44f .breadcrumbs {\n  display: inline-block;\n  margin: 0;\n  padding: 10px 10px 10px 0px;\n  border: 0px solid ;\n  border-radius: 0px;\n}\n.dt-breadcrumbs-id-88f6c995b4f135f30f990cd66fb1f44f .breadcrumbs * {\n  color: #000000;\n}\n<\/style><div class=\"dt-breadcrumbs-shortcode dt-breadcrumbs-id-88f6c995b4f135f30f990cd66fb1f44f align-left\"><div class=\"assistive-text\">Sie befinden sich hier:<\/div><ol class=\"breadcrumbs text-small\" itemscope itemtype=\"https:\/\/schema.org\/BreadcrumbList\"><li itemprop=\"itemListElement\" itemscope itemtype=\"https:\/\/schema.org\/ListItem\"><a itemprop=\"item\" href=\"http:\/\/wp12379237.server-he.de\/wordpress_stage\/\" title=\"\"><span itemprop=\"name\">Start<\/span><\/a><meta itemprop=\"position\" content=\"1\" \/><\/li><li class=\"current\" itemprop=\"itemListElement\" itemscope itemtype=\"https:\/\/schema.org\/ListItem\"><span itemprop=\"name\">Seite<\/span><meta itemprop=\"position\" content=\"2\" \/><\/li><\/ol><\/div>[vc_empty_space height=&#8220;48px&#8220;][vc_row_inner][vc_column_inner width=&#8220;1\/6&#8243;][\/vc_column_inner][vc_column_inner width=&#8220;2\/3&#8243;][vc_column_text]<\/p>\n<h1 style=\"text-align: center;\">Eine Oase im Stadtleben<\/h1>\n<p style=\"text-align: center;\">Das Rigpa-G\u00e4stehaus bietet einfache und komfortabel ausgestattete Einzel- und Doppelzimmer in verschiedenen Gr\u00f6\u00dfen. Alle Zimmer verf\u00fcgen \u00fcber Telefon und Internet\/WLAN-Anschluss, Wasserkocher, K\u00fchlschrank und ein Duschbad, das m\u00f6glicherweise mit dem*der Nachbar*in geteilt wird.<\/p>\n<p>[\/vc_column_text][\/vc_column_inner][vc_column_inner width=&#8220;1\/6&#8243;][\/vc_column_inner][\/vc_row_inner][\/vc_column][\/vc_row][vc_row][vc_column width=&#8220;1\/2&#8243;][vc_empty_space height=&#8220;24px&#8220;]<style type=\"text\/css\" data-type=\"the7_shortcodes-inline-css\">.carousel-shortcode.carousel-shortcode-id-bd7ceb3632c922551b8e5e5e22922363 .owl-nav a {\n  width: 36px;\n  height: 36px;\n  border-radius: 500px;\n}\n.dt-arrow-border-on.carousel-shortcode.carousel-shortcode-id-bd7ceb3632c922551b8e5e5e22922363 .owl-nav a:not(:hover):before {\n  border-width: 0px;\n}\n.dt-arrow-hover-border-on.carousel-shortcode.carousel-shortcode-id-bd7ceb3632c922551b8e5e5e22922363 .owl-nav a:hover:after {\n  border-width: 0px;\n}\n.carousel-shortcode.carousel-shortcode-id-bd7ceb3632c922551b8e5e5e22922363 .owl-nav a.owl-prev {\n  top: 50%;\n  transform: translateY(calc(-50% + 0px));\n  left: -43px;\n}\n@media all and (-ms-high-contrast: none) {\n  .carousel-shortcode.carousel-shortcode-id-bd7ceb3632c922551b8e5e5e22922363 .owl-nav a.owl-prev {\n    transform: translateY(-50%);\n    margin-top: 0px;\n  }\n}\n.carousel-shortcode.carousel-shortcode-id-bd7ceb3632c922551b8e5e5e22922363 .owl-nav a.owl-prev i {\n  padding: 0px 0px 0px 0px;\n}\n.carousel-shortcode.carousel-shortcode-id-bd7ceb3632c922551b8e5e5e22922363 .owl-nav a.owl-next {\n  top: 50%;\n  transform: translateY(calc(-50% + 0px));\n  right: -43px;\n}\n@media all and (-ms-high-contrast: none) {\n  .carousel-shortcode.carousel-shortcode-id-bd7ceb3632c922551b8e5e5e22922363 .owl-nav a.owl-next {\n    transform: translateY(-50%);\n    margin-top: 0px;\n  }\n}\n.carousel-shortcode.carousel-shortcode-id-bd7ceb3632c922551b8e5e5e22922363 .owl-nav a.owl-next i {\n  padding: 0px 0px 0px 0px;\n}\n.carousel-shortcode.carousel-shortcode-id-bd7ceb3632c922551b8e5e5e22922363 .owl-nav i {\n  font-size: 18px;\n}\n.carousel-shortcode.carousel-shortcode-id-bd7ceb3632c922551b8e5e5e22922363 .owl-nav a:not(:hover) i,\n.carousel-shortcode.carousel-shortcode-id-bd7ceb3632c922551b8e5e5e22922363 .owl-nav a:not(:hover) i:before {\n  color: #ffffff;\n  background: none;\n}\n.carousel-shortcode.carousel-shortcode-id-bd7ceb3632c922551b8e5e5e22922363 .owl-nav a:hover i,\n.carousel-shortcode.carousel-shortcode-id-bd7ceb3632c922551b8e5e5e22922363 .owl-nav a:hover i:before {\n  color: rgba(255,255,255,0.75);\n  background: none;\n}\n.carousel-shortcode.carousel-shortcode-id-bd7ceb3632c922551b8e5e5e22922363 .owl-dots {\n  top: calc(100% + 20px);\n  left: 50%;\n  transform: translateX(calc(-50% + 0px));\n}\n@media all and (-ms-high-contrast: none) {\n  .carousel-shortcode.carousel-shortcode-id-bd7ceb3632c922551b8e5e5e22922363 .owl-dots {\n    transform: translateX(-50%);\n    margin-left: 0px;\n  }\n}\n.carousel-shortcode.carousel-shortcode-id-bd7ceb3632c922551b8e5e5e22922363 .owl-dot {\n  width: 10px;\n  height: 10px;\n  margin: 0 8px;\n}\n@media screen and (max-width: 778px) {\n  .carousel-shortcode.carousel-shortcode-id-bd7ceb3632c922551b8e5e5e22922363.hide-arrows .owl-nav a {\n    display: none;\n  }\n}\n@media screen and (max-width: 778px) {\n  .carousel-shortcode.carousel-shortcode-id-bd7ceb3632c922551b8e5e5e22922363.reposition-arrows .owl-nav .owl-prev {\n    top: 50%;\n    transform: translateY(calc(-50% + 0px));\n    left: 10px;\n  }\n  .carousel-shortcode.carousel-shortcode-id-bd7ceb3632c922551b8e5e5e22922363.reposition-arrows .owl-nav .owl-next {\n    top: 50%;\n    transform: translateY(calc(-50% + 0px));\n    right: 10px;\n  }\n}\n@media screen and (max-width: 778px) and all and (-ms-high-contrast: none) {\n  .carousel-shortcode.carousel-shortcode-id-bd7ceb3632c922551b8e5e5e22922363.reposition-arrows .owl-nav .owl-prev {\n    transform: translateY(-50%);\n    margin-top: 0px;\n  }\n}\n@media screen and (max-width: 778px) and all and (-ms-high-contrast: none) {\n  .carousel-shortcode.carousel-shortcode-id-bd7ceb3632c922551b8e5e5e22922363.reposition-arrows .owl-nav .owl-next {\n    transform: translateY(-50%);\n    margin-top: 0px;\n  }\n}\n<\/style><div class=\"owl-carousel carousel-shortcode dt-owl-carousel-call carousel-shortcode-id-bd7ceb3632c922551b8e5e5e22922363 bullets-small-dot-stroke reposition-arrows arrows-bg-on dt-arrow-border-on dt-arrow-hover-border-on disable-arrows-hover-bg arrows-hover-bg-on  \" data-scroll-mode=\"1\" data-col-num=\"1\" data-wide-col-num=\"4\" data-laptop-col=\"1\" data-h-tablet-columns-num=\"1\" data-v-tablet-columns-num=\"1\" data-phone-columns-num=\"1\" data-auto-height=\"true\" data-col-gap=\"0\" data-stage-padding=\"0\" data-speed=\"600\" data-autoplay=\"false\" data-autoplay_speed=\"6000\" data-arrows=\"true\" data-bullet=\"false\" data-next-icon=\"icon-ar-017-r\" data-prev-icon=\"icon-ar-017-l\">[vc_single_image image=&#8220;2367&#8243; img_size=&#8220;800&#215;450&#8243;][vc_single_image image=&#8220;2366&#8243; img_size=&#8220;800&#215;450&#8243;][vc_single_image image=&#8220;2362&#8243; img_size=&#8220;800&#215;450&#8243;][vc_single_image image=&#8220;2363&#8243; img_size=&#8220;800&#215;450&#8243;][vc_single_image image=&#8220;2364&#8243; img_size=&#8220;800&#215;450&#8243;]<\/div>[\/vc_column][vc_column width=&#8220;1\/2&#8243;][vc_empty_space height=&#8220;24px&#8220;][vc_column_text css=&#8220;.vc_custom_1511267922151{margin-bottom: 0px !important;padding-bottom: 0px !important;}&#8220;]<strong>Du m\u00f6chtest einfach mal auftanken oder besuchst eine Veranstaltung bei uns im Haus?<\/strong><\/p>\n<p>Dann sind unsere G\u00e4stezimmer genau das Richtige f\u00fcr dich.<\/p>\n<ul>\n<li>im Herzen des Berliner Westens in Charlottenburg gelegen<\/li>\n<li>15 Gehminuten von Messegel\u00e4nde und Schlosspark entfernt<\/li>\n<li>Du kannst zudem in die Atmosph\u00e4re eines buddhistischen Meditationszentrums eintauchen.<\/li>\n<li>Wenn du m\u00f6chtest, kannst du tags\u00fcber den Schreinraum mit der gro\u00dfen Buddha-Statue besuchen.<\/li>\n<li>Auch bist du herzlich eingeladen, an unseren <a href=\"http:\/\/wp12379237.server-he.de\/wordpress_stage\/zentren\/dharma-mati-berlin\/#offene\">offenen Meditationsangeboten<\/a>\u00a0teilzunehmen.<\/li>\n<\/ul>\n<p>[\/vc_column_text][vc_empty_space height=&#8220;8px&#8220;][\/vc_column][\/vc_row][vc_row type=&#8220;1&#8243;][vc_column width=&#8220;1\/4&#8243;][vc_empty_space]<div class=\"standard-arrow list-divider bullet-top\"><ul>\n<li>Rollstuhl gerechtes Zimmer<\/li>\n<li>Wasserkocher<\/li>\n<\/ul>\n<\/div>[\/vc_column][vc_column width=&#8220;1\/4&#8243;][vc_empty_space]<div class=\"standard-arrow list-divider bullet-top\"><ul>\n<li>Telefon<\/li>\n<li>F\u00f6n (je nach Verf\u00fcgbarkeit)<\/li>\n<li>Internet\/WLAN<\/li>\n<\/ul>\n<\/div>[\/vc_column][vc_column width=&#8220;1\/4&#8243;][vc_empty_space]<div class=\"standard-arrow list-divider bullet-top\"><ul>\n<li>Fahrstuhl<\/li>\n<li>vollausgestattete Gemeinschaftsk\u00fcche<\/li>\n<li>Parkplatz<\/li>\n<\/ul>\n<\/div>[\/vc_column][vc_column width=&#8220;1\/4&#8243;][vc_empty_space]<div class=\"standard-arrow list-divider bullet-top\"><ul>\n<li>Meditationsraum<\/li>\n<li>Bibliothek<\/li>\n<li>Caf\u00e9 Restaurant Shop<\/li>\n<\/ul>\n<\/div>[\/vc_column][\/vc_row][vc_row type=&#8220;vc_default&#8220;][vc_column width=&#8220;1\/6&#8243;][\/vc_column][vc_column width=&#8220;2\/3&#8243;][vc_empty_space][vc_accordion active_tab=&#8220;false&#8220; collapsible=&#8220;yes&#8220; title_size=&#8220;h6&#8243; style=&#8220;3&#8243;][vc_accordion_tab title=&#8220;Preise&#8220;][vc_column_text]Die Zimmerpreise variieren je nach Gr\u00f6\u00dfe zwischen 40 und 90 Euro pro Nacht f\u00fcr ein Einzelzimmer, 55 und 105 Euro f\u00fcr ein Doppelzimmer, zzgl. 10 Euro Reinigungskosten bei nur einer \u00dcbernachtung. Bei l\u00e4ngeren Aufenthalten werden ggf. Sonderkonditionen gew\u00e4hrt. Die Preise sind kostendeckend, nicht gewinnorientiert, kalkuliert. Mitglieder des Rigpa e.V. erhalten eine Erm\u00e4\u00dfigung.[\/vc_column_text][\/vc_accordion_tab][vc_accordion_tab title=&#8220;Verpflegung: Vegetarisches Restaurant im Haus&#8220;][vc_column_text]Im Haus steht eine K\u00fcche zur Selbstverpflegung zur Verf\u00fcgung. Unser hauseigenes vegetarisches Restaurant bietet von 12:00 bis 17:30 Uhr warme Speisen. In der n\u00e4heren Umgebung (drei bis zehn Gehminuten) vom Dharma Mati entfernt findest du zwei Bistros, die u.a. verschiedene Fr\u00fchst\u00fccke zu kleinen Preisen anbieten.[\/vc_column_text][\/vc_accordion_tab][vc_accordion_tab title=&#8220;Umgebung: F\u00fcr jede*n etwas dabei&#8220;][vc_column_text]Das <a href=\"https:\/\/www.museumsportal-berlin.de\/de\/museen\/schloss-charlottenburg-stiftung-preuische-schlosser-und-garten-berlin-brandenburg\/\" target=\"_blank\" rel=\"noopener noreferrer\">Schloss Charlottenburg<\/a>, mit seinem wundersch\u00f6nen Schlosspark ist nur zwei Busstationen entfernt. Dort ist auch das <a href=\"http:\/\/www.smb.museum\/museen-und-einrichtungen\/museum-berggruen\/home.html\" target=\"_blank\" rel=\"noopener noreferrer\">Museum Berggruen<\/a>\u00a0mit kleinen aber feinen Werken von unter anderem Picasso und der <a href=\"http:\/\/www.smb.museum\/museen-und-einrichtungen\/sammlung-scharf-gerstenberg\/home.html\" target=\"_blank\" rel=\"noopener noreferrer\">Sammlung Scharf-Gerstenberg<\/a> (LINK).<\/p>\n<p>Im Klausner-Kiez um die Ecke findet du eine Reihe von Restaurants, Biol\u00e4den und Caf\u00e9s.<\/p>\n<p>Auch andere attraktive Sehensw\u00fcrdigkeiten der Stadt, wie der Kurf\u00fcrstendamm (&#8222;Ku-Damm&#8220;), das KaDeWe (einem der gr\u00f6\u00dften Warenh\u00e4user des europ\u00e4ischen Kontinents), das Olympiastadion, das Theater des Westens wie auch das Brandenburger Tor, der Reichstag, der Alexanderplatz, die Friedrichstra\u00dfe, der Potsdamer Platz, die Technische Universit\u00e4t und der Zoologische Garten sind innerhalb von 20 Minuten zu erreichen.[\/vc_column_text][\/vc_accordion_tab][vc_accordion_tab title=&#8220;Anreise&#8220;][vc_column_text]Das Rigpa-G\u00e4stehaus ist mit \u00f6ffentlichen Verkehrsmitteln exzellent zu erreichen. S- und U-Bahn als auch Busse verkehren wenige Gehminuten vom G\u00e4stehaus entfernt. Nahe liegen auch die Stadtautobahn und der Zentrale Omnibusbahnhof Berlin (ZOB). In zehn Minuten bist du mit dem Auto am Flughafen Tegel, in 30 bis 45 Minuten am Flughafen Sch\u00f6nefeld.[\/vc_column_text][\/vc_accordion_tab][\/vc_accordion][vc_empty_space][\/vc_column][vc_column width=&#8220;1\/6&#8243;][\/vc_column][\/vc_row][vc_row type=&#8220;1&#8243;][vc_column width=&#8220;1\/2&#8243;][vc_empty_space][vc_column_text]<\/p>\n<h4>Reservierung und Kontakt<\/h4>\n<p>&nbsp;<\/p>\n<p><strong>Anne Ex\u00df<\/strong><\/p>\n<p>Tel: 030.23 25 50 15<br \/>\nMo \u2013 Sa 12:00 \u2013 19:00<br \/>\n<a href=\"mailto:gaestehaus@rigpa.de\">gaestehaus@rigpa.de<\/a>[\/vc_column_text][\/vc_column][vc_column width=&#8220;1\/2&#8243;][vc_empty_space][vc_column_text]<\/p>\n<h4 style=\"text-align: center;\">Adresse<\/h4>\n<p style=\"text-align: center;\">Dharma Mati<br \/>\nSoorstr. 85<br \/>\n14050 Berlin<\/p>\n<p>[\/vc_column_text]<div id='wrap_map_69d255faf17fc' class='ultimate-map-wrapper ult-adjust-bottom-margin ' style=' height:200px;'><div id='map_69d255faf17fc' data-map_override='0' class='ultimate_google_map wpb_content_element page_margin_top' style='width:100%;height:200px;'><\/div><\/div><script type='text\/javascript'>\n\t\t\t(function($) {\n  \t\t\t'use strict';\n\t\t\tvar map_map_69d255faf17fc = null;\n\t\t\tvar coordinate_map_69d255faf17fc;\n\t\t\tvar isDraggable = $(document).width() > 641 ? true : true;\n\t\t\ttry\n\t\t\t{\n\t\t\t\tvar map_map_69d255faf17fc = null;\n\t\t\t\tvar coordinate_map_69d255faf17fc;\n\t\t\t\tcoordinate_map_69d255faf17fc=new google.maps.LatLng(52.51713, 13.27927);\n\t\t\t\tvar mapOptions=\n\t\t\t\t{\n\t\t\t\t\tzoom: 12,\n\t\t\t\t\tcenter: coordinate_map_69d255faf17fc,\n\t\t\t\t\tscaleControl: true,\n\t\t\t\t\tstreetViewControl: false,\n\t\t\t\t\tmapTypeControl: false,\n\t\t\t\t\tpanControl: false,\n\t\t\t\t\tzoomControl: true,\n\t\t\t\t\tscrollwheel: true,\n\t\t\t\t\tdraggable: isDraggable,\n\t\t\t\t\tzoomControlOptions: {\n\t\t\t\t\t\tposition: google.maps.ControlPosition.RIGHT_TOP\n\t\t\t\t\t},mapTypeId: google.maps.MapTypeId.ROADMAP,};var map_map_69d255faf17fc = new google.maps.Map(document.getElementById('map_69d255faf17fc'),mapOptions);\n\t\t\t\t\t\tvar x = 'infowindow_open_value';\n\t\t\t\t\t\tvar marker_map_69d255faf17fc = new google.maps.Marker({\n\t\t\t\t\t\tposition: new google.maps.LatLng(52.51713, 13.27927),\n\t\t\t\t\t\tanimation:  google.maps.Animation.DROP,\n\t\t\t\t\t\tmap: map_map_69d255faf17fc,\n\t\t\t\t\t\ticon: ''\n\t\t\t\t\t});\tgoogle.maps.event.addListener(marker_map_69d255faf17fc, 'click', toggleBounce);}\n\t\t\tcatch(e){};\n\t\t\tjQuery(document).ready(function($){\n\t\t\t\tgoogle.maps.event.trigger(map_map_69d255faf17fc, 'resize');\n\t\t\t\t$(window).resize(function(){\n\t\t\t\t\tgoogle.maps.event.trigger(map_map_69d255faf17fc, 'resize');\n\t\t\t\t\tif(map_map_69d255faf17fc!=null)\n\t\t\t\t\t\tmap_map_69d255faf17fc.setCenter(coordinate_map_69d255faf17fc);\n\t\t\t\t});\n\t\t\t\t$('.ui-tabs').bind('tabsactivate', function(event, ui) {\n\t\t\t\t   if($(this).find('.ultimate-map-wrapper').length > 0)\n\t\t\t\t\t{\n\t\t\t\t\t\tsetTimeout(function(){\n\t\t\t\t\t\t\t$(window).trigger('resize');\n\t\t\t\t\t\t},200);\n\t\t\t\t\t}\n\t\t\t\t});\n\t\t\t\t$('.ui-accordion').bind('accordionactivate', function(event, ui) {\n\t\t\t\t   if($(this).find('.ultimate-map-wrapper').length > 0)\n\t\t\t\t\t{\n\t\t\t\t\t\tsetTimeout(function(){\n\t\t\t\t\t\t\t$(window).trigger('resize');\n\t\t\t\t\t\t},200);\n\t\t\t\t\t}\n\t\t\t\t});\n\t\t\t\t$(window).on('load',function(){\n\t\t\t\t\tsetTimeout(function(){\n\t\t\t\t\t\t$(window).trigger('resize');\n\t\t\t\t\t},200);\n\t\t\t\t});\n\t\t\t\t$('.ult_exp_section').select(function(){\n\t\t\t\t\tif($(map_map_69d255faf17fc).parents('.ult_exp_section'))\n\t\t\t\t\t{\n\t\t\t\t\t\tsetTimeout(function(){\n\t\t\t\t\t\t\t$(window).trigger('resize');\n\t\t\t\t\t\t},200);\n\t\t\t\t\t}\n\t\t\t\t});\n\t\t\t\t$(document).on('onUVCModalPopupOpen', function(){\n\t\t\t\t\tif($(map_map_69d255faf17fc).parents('.ult_modal-content'))\n\t\t\t\t\t{\n\t\t\t\t\t\tsetTimeout(function(){\n\t\t\t\t\t\t\t$(window).trigger('resize');\n\t\t\t\t\t\t},200);\n\t\t\t\t\t}\n\t\t\t\t});\n\t\t\t\t$(document).on('click','.ult_tab_li',function(){\n\t\t\t\t\t$(window).trigger('resize');\n\t\t\t\t\tsetTimeout(function(){\n\t\t\t\t\t\t$(window).trigger('resize');\n\t\t\t\t\t},200);\n\t\t\t\t});\n\t\t\t});\n\t\t\tfunction toggleBounce() {\n\t\t\t  if (marker_map_69d255faf17fc.getAnimation() != null) {\n\t\t\t\tmarker_map_69d255faf17fc.setAnimation(null);\n\t\t\t  } else {\n\t\t\t\tmarker_map_69d255faf17fc.setAnimation(google.maps.Animation.BOUNCE);\n\t\t\t  }\n\t\t\t}\n\t\t\t})(jQuery);\n\t\t\t<\/script>[\/vc_column][\/vc_row]<\/p>\n","protected":false},"excerpt":{"rendered":"<p>[vc_row type=&#8220;vc_default&#8220; full_width=&#8220;stretch_row_content_no_spaces&#8220; css=&#8220;.vc_custom_1496416336075{margin-bottom: 0px !important;padding-bottom: 0px !important;}&#8220;][vc_column][vc_single_image image=&#8220;2361&#8243; img_size=&#8220;full&#8220; image_hovers=&#8220;false&#8220; css=&#8220;.vc_custom_1510913033902{margin-bottom: 0px !important;padding-bottom: 0px !important;}&#8220;][\/vc_column][\/vc_row][vc_row min_height=&#8220;100px&#8220;][vc_column][vc_empty_space height=&#8220;48px&#8220;][vc_row_inner][vc_column_inner width=&#8220;1\/6&#8243;][\/vc_column_inner][vc_column_inner width=&#8220;2\/3&#8243;][vc_column_text] Eine Oase im Stadtleben Das Rigpa-G\u00e4stehaus bietet einfache und komfortabel ausgestattete Einzel- und Doppelzimmer in verschiedenen Gr\u00f6\u00dfen. Alle Zimmer verf\u00fcgen \u00fcber Telefon und Internet\/WLAN-Anschluss, Wasserkocher, K\u00fchlschrank und ein Duschbad, das m\u00f6glicherweise mit dem*der Nachbar*in geteilt&hellip;<\/p>\n","protected":false},"author":2,"featured_media":0,"parent":419,"menu_order":0,"comment_status":"closed","ping_status":"closed","template":"","meta":[],"acf":[],"yoast_head":"<!-- This site is optimized with the Yoast SEO plugin v19.0 - https:\/\/yoast.com\/wordpress\/plugins\/seo\/ -->\n<title>G\u00e4stehaus - Rigpa e.V.<\/title>\n<meta name=\"description\" content=\"Das Rigpa-G\u00e4stehaus bietet einfache und komfortabel ausgestattete Einzel- und Doppelzimmer in verschiedenen Gr\u00f6\u00dfen. Alle Zimmer verf\u00fcgen \u00fcber Telefon und Internet\/WLAN-Anschluss, Wasserkocher, K\u00fchlschrank und ein Duschbad, das m\u00f6glicherweise mit dem*der Nachbar*in geteilt wird.\" \/>\n<meta name=\"robots\" content=\"index, follow, max-snippet:-1, max-image-preview:large, max-video-preview:-1\" \/>\n<link rel=\"canonical\" href=\"http:\/\/wp12379237.server-he.de\/wordpress_stage\/zentren\/dharma-mati-berlin\/gaestehaus\/\" \/>\n<meta property=\"og:locale\" content=\"de_DE\" \/>\n<meta property=\"og:type\" content=\"article\" \/>\n<meta property=\"og:title\" content=\"G\u00e4stehaus - Rigpa e.V.\" \/>\n<meta property=\"og:description\" content=\"Das Rigpa-G\u00e4stehaus bietet einfache und komfortabel ausgestattete Einzel- und Doppelzimmer in verschiedenen Gr\u00f6\u00dfen. Alle Zimmer verf\u00fcgen \u00fcber Telefon und Internet\/WLAN-Anschluss, Wasserkocher, K\u00fchlschrank und ein Duschbad, das m\u00f6glicherweise mit dem*der Nachbar*in geteilt wird.\" \/>\n<meta property=\"og:url\" content=\"http:\/\/wp12379237.server-he.de\/wordpress_stage\/zentren\/dharma-mati-berlin\/gaestehaus\/\" \/>\n<meta property=\"og:site_name\" content=\"Rigpa e.V.\" \/>\n<meta property=\"article:publisher\" content=\"https:\/\/www.facebook.com\/Dharma.Mati.Rigpa\/\" \/>\n<meta property=\"article:modified_time\" content=\"2020-01-13T10:44:31+00:00\" \/>\n<meta name=\"twitter:card\" content=\"summary\" \/>\n<meta name=\"twitter:label1\" content=\"Gesch\u00e4tzte Lesezeit\" \/>\n\t<meta name=\"twitter:data1\" content=\"4\u00a0Minuten\" \/>\n<script type=\"application\/ld+json\" class=\"yoast-schema-graph\">{\"@context\":\"https:\/\/schema.org\",\"@graph\":[{\"@type\":\"WebSite\",\"@id\":\"https:\/\/wp12379237.server-he.de\/wordpress_stage\/#website\",\"url\":\"https:\/\/wp12379237.server-he.de\/wordpress_stage\/\",\"name\":\"Rigpa e.V.\",\"description\":\"Eine weitere WordPress-Website\",\"potentialAction\":[{\"@type\":\"SearchAction\",\"target\":{\"@type\":\"EntryPoint\",\"urlTemplate\":\"https:\/\/wp12379237.server-he.de\/wordpress_stage\/?s={search_term_string}\"},\"query-input\":\"required name=search_term_string\"}],\"inLanguage\":\"de\"},{\"@type\":\"WebPage\",\"@id\":\"http:\/\/wp12379237.server-he.de\/wordpress_stage\/zentren\/dharma-mati-berlin\/gaestehaus\/#webpage\",\"url\":\"http:\/\/wp12379237.server-he.de\/wordpress_stage\/zentren\/dharma-mati-berlin\/gaestehaus\/\",\"name\":\"G\u00e4stehaus - Rigpa e.V.\",\"isPartOf\":{\"@id\":\"https:\/\/wp12379237.server-he.de\/wordpress_stage\/#website\"},\"datePublished\":\"2017-11-16T09:23:35+00:00\",\"dateModified\":\"2020-01-13T10:44:31+00:00\",\"description\":\"Das Rigpa-G\u00e4stehaus bietet einfache und komfortabel ausgestattete Einzel- und Doppelzimmer in verschiedenen Gr\u00f6\u00dfen. Alle Zimmer verf\u00fcgen \u00fcber Telefon und Internet\/WLAN-Anschluss, Wasserkocher, K\u00fchlschrank und ein Duschbad, das m\u00f6glicherweise mit dem*der Nachbar*in geteilt wird.\",\"breadcrumb\":{\"@id\":\"http:\/\/wp12379237.server-he.de\/wordpress_stage\/zentren\/dharma-mati-berlin\/gaestehaus\/#breadcrumb\"},\"inLanguage\":\"de\",\"potentialAction\":[{\"@type\":\"ReadAction\",\"target\":[\"http:\/\/wp12379237.server-he.de\/wordpress_stage\/zentren\/dharma-mati-berlin\/gaestehaus\/\"]}]},{\"@type\":\"BreadcrumbList\",\"@id\":\"http:\/\/wp12379237.server-he.de\/wordpress_stage\/zentren\/dharma-mati-berlin\/gaestehaus\/#breadcrumb\",\"itemListElement\":[{\"@type\":\"ListItem\",\"position\":1,\"name\":\"Startseite\",\"item\":\"https:\/\/wp12379237.server-he.de\/wordpress_stage\/\"},{\"@type\":\"ListItem\",\"position\":2,\"name\":\"Zentren\",\"item\":\"http:\/\/wp12379237.server-he.de\/wordpress_stage\/zentren\/\"},{\"@type\":\"ListItem\",\"position\":3,\"name\":\"Dharma Mati Berlin\",\"item\":\"http:\/\/wp12379237.server-he.de\/wordpress_stage\/zentren\/dharma-mati-berlin\/\"},{\"@type\":\"ListItem\",\"position\":4,\"name\":\"G\u00e4stehaus\"}]}]}<\/script>\n<!-- \/ Yoast SEO plugin. -->","yoast_head_json":{"title":"G\u00e4stehaus - Rigpa e.V.","description":"Das Rigpa-G\u00e4stehaus bietet einfache und komfortabel ausgestattete Einzel- und Doppelzimmer in verschiedenen Gr\u00f6\u00dfen. Alle Zimmer verf\u00fcgen \u00fcber Telefon und Internet\/WLAN-Anschluss, Wasserkocher, K\u00fchlschrank und ein Duschbad, das m\u00f6glicherweise mit dem*der Nachbar*in geteilt wird.","robots":{"index":"index","follow":"follow","max-snippet":"max-snippet:-1","max-image-preview":"max-image-preview:large","max-video-preview":"max-video-preview:-1"},"canonical":"http:\/\/wp12379237.server-he.de\/wordpress_stage\/zentren\/dharma-mati-berlin\/gaestehaus\/","og_locale":"de_DE","og_type":"article","og_title":"G\u00e4stehaus - Rigpa e.V.","og_description":"Das Rigpa-G\u00e4stehaus bietet einfache und komfortabel ausgestattete Einzel- und Doppelzimmer in verschiedenen Gr\u00f6\u00dfen. Alle Zimmer verf\u00fcgen \u00fcber Telefon und Internet\/WLAN-Anschluss, Wasserkocher, K\u00fchlschrank und ein Duschbad, das m\u00f6glicherweise mit dem*der Nachbar*in geteilt wird.","og_url":"http:\/\/wp12379237.server-he.de\/wordpress_stage\/zentren\/dharma-mati-berlin\/gaestehaus\/","og_site_name":"Rigpa e.V.","article_publisher":"https:\/\/www.facebook.com\/Dharma.Mati.Rigpa\/","article_modified_time":"2020-01-13T10:44:31+00:00","twitter_card":"summary","twitter_misc":{"Gesch\u00e4tzte Lesezeit":"4\u00a0Minuten"},"schema":{"@context":"https:\/\/schema.org","@graph":[{"@type":"WebSite","@id":"https:\/\/wp12379237.server-he.de\/wordpress_stage\/#website","url":"https:\/\/wp12379237.server-he.de\/wordpress_stage\/","name":"Rigpa e.V.","description":"Eine weitere WordPress-Website","potentialAction":[{"@type":"SearchAction","target":{"@type":"EntryPoint","urlTemplate":"https:\/\/wp12379237.server-he.de\/wordpress_stage\/?s={search_term_string}"},"query-input":"required name=search_term_string"}],"inLanguage":"de"},{"@type":"WebPage","@id":"http:\/\/wp12379237.server-he.de\/wordpress_stage\/zentren\/dharma-mati-berlin\/gaestehaus\/#webpage","url":"http:\/\/wp12379237.server-he.de\/wordpress_stage\/zentren\/dharma-mati-berlin\/gaestehaus\/","name":"G\u00e4stehaus - Rigpa e.V.","isPartOf":{"@id":"https:\/\/wp12379237.server-he.de\/wordpress_stage\/#website"},"datePublished":"2017-11-16T09:23:35+00:00","dateModified":"2020-01-13T10:44:31+00:00","description":"Das Rigpa-G\u00e4stehaus bietet einfache und komfortabel ausgestattete Einzel- und Doppelzimmer in verschiedenen Gr\u00f6\u00dfen. Alle Zimmer verf\u00fcgen \u00fcber Telefon und Internet\/WLAN-Anschluss, Wasserkocher, K\u00fchlschrank und ein Duschbad, das m\u00f6glicherweise mit dem*der Nachbar*in geteilt wird.","breadcrumb":{"@id":"http:\/\/wp12379237.server-he.de\/wordpress_stage\/zentren\/dharma-mati-berlin\/gaestehaus\/#breadcrumb"},"inLanguage":"de","potentialAction":[{"@type":"ReadAction","target":["http:\/\/wp12379237.server-he.de\/wordpress_stage\/zentren\/dharma-mati-berlin\/gaestehaus\/"]}]},{"@type":"BreadcrumbList","@id":"http:\/\/wp12379237.server-he.de\/wordpress_stage\/zentren\/dharma-mati-berlin\/gaestehaus\/#breadcrumb","itemListElement":[{"@type":"ListItem","position":1,"name":"Startseite","item":"https:\/\/wp12379237.server-he.de\/wordpress_stage\/"},{"@type":"ListItem","position":2,"name":"Zentren","item":"http:\/\/wp12379237.server-he.de\/wordpress_stage\/zentren\/"},{"@type":"ListItem","position":3,"name":"Dharma Mati Berlin","item":"http:\/\/wp12379237.server-he.de\/wordpress_stage\/zentren\/dharma-mati-berlin\/"},{"@type":"ListItem","position":4,"name":"G\u00e4stehaus"}]}]}},"_links":{"self":[{"href":"http:\/\/wp12379237.server-he.de\/wordpress_stage\/wp-json\/wp\/v2\/pages\/2294"}],"collection":[{"href":"http:\/\/wp12379237.server-he.de\/wordpress_stage\/wp-json\/wp\/v2\/pages"}],"about":[{"href":"http:\/\/wp12379237.server-he.de\/wordpress_stage\/wp-json\/wp\/v2\/types\/page"}],"author":[{"embeddable":true,"href":"http:\/\/wp12379237.server-he.de\/wordpress_stage\/wp-json\/wp\/v2\/users\/2"}],"replies":[{"embeddable":true,"href":"http:\/\/wp12379237.server-he.de\/wordpress_stage\/wp-json\/wp\/v2\/comments?post=2294"}],"version-history":[{"count":19,"href":"http:\/\/wp12379237.server-he.de\/wordpress_stage\/wp-json\/wp\/v2\/pages\/2294\/revisions"}],"predecessor-version":[{"id":5458,"href":"http:\/\/wp12379237.server-he.de\/wordpress_stage\/wp-json\/wp\/v2\/pages\/2294\/revisions\/5458"}],"up":[{"embeddable":true,"href":"http:\/\/wp12379237.server-he.de\/wordpress_stage\/wp-json\/wp\/v2\/pages\/419"}],"wp:attachment":[{"href":"http:\/\/wp12379237.server-he.de\/wordpress_stage\/wp-json\/wp\/v2\/media?parent=2294"}],"curies":[{"name":"wp","href":"https:\/\/api.w.org\/{rel}","templated":true}]}}