{"id":779,"date":"2017-07-11T10:18:10","date_gmt":"2017-07-11T08:18:10","guid":{"rendered":"http:\/\/wp12379237.server-he.de\/wordpress_stage\/?page_id=779"},"modified":"2020-05-19T15:39:18","modified_gmt":"2020-05-19T13:39:18","slug":"mitgefuehl","status":"publish","type":"page","link":"http:\/\/wp12379237.server-he.de\/wordpress_stage\/termine\/mitgefuehl\/","title":{"rendered":"Mitgef\u00fchl"},"content":{"rendered":"<p>[vc_row type=&#8220;1&#8243;][vc_column]<style type=\"text\/css\" data-type=\"the7_shortcodes-inline-css\">.dt-breadcrumbs-id-88f6c995b4f135f30f990cd66fb1f44f .breadcrumbs {\n  display: inline-block;\n  margin: 0;\n  padding: 10px 10px 10px 0px;\n  border: 0px solid ;\n  border-radius: 0px;\n}\n.dt-breadcrumbs-id-88f6c995b4f135f30f990cd66fb1f44f .breadcrumbs * {\n  color: #000000;\n}\n<\/style><div class=\"dt-breadcrumbs-shortcode dt-breadcrumbs-id-88f6c995b4f135f30f990cd66fb1f44f align-left\"><div class=\"assistive-text\">Sie befinden sich hier:<\/div><ol class=\"breadcrumbs text-small\" itemscope itemtype=\"https:\/\/schema.org\/BreadcrumbList\"><li itemprop=\"itemListElement\" itemscope itemtype=\"https:\/\/schema.org\/ListItem\"><a itemprop=\"item\" href=\"http:\/\/wp12379237.server-he.de\/wordpress_stage\/\" title=\"\"><span itemprop=\"name\">Start<\/span><\/a><meta itemprop=\"position\" content=\"1\" \/><\/li><li class=\"current\" itemprop=\"itemListElement\" itemscope itemtype=\"https:\/\/schema.org\/ListItem\"><span itemprop=\"name\">Seite<\/span><meta itemprop=\"position\" content=\"2\" \/><\/li><\/ol><\/div>[vc_empty_space]<div class=\"zh_ajaxkalender loading\" data-color=\"#3ca4dc\" data-id=\"735327\" data-url=\"https:\/\/www.rigpaevents.de\/kalender\/index.php?cal_ajax=1&amp;mod=events&amp;kategorie=18&amp;ansicht=slider&amp;cols=2&amp;hl=1&url=http:\/\/wp12379237.server-he.de\/wordpress_stage\/wp-json\/wp\/v2\/pages\/779\"><\/div>\n        <style>\n          div.zh_ajaxkalender[data-color=\"#3ca4dc\"] div.events-btn-cont,\n          div.zh_ajaxkalender[data-color=\"#3ca4dc\"] div.events-btn-cont:hover > div {\n            border-color: #3ca4dc !important;\n          }\n          div.zh_ajaxkalender[data-color=\"#3ca4dc\"] div.events-btn-cont span:after {\n            background-color: #3ca4dc !important;\n          }\n        <\/style>\n      [vc_empty_space height=&#8220;48px&#8220;][\/vc_column][\/vc_row][vc_row][vc_column width=&#8220;1\/6&#8243;][\/vc_column][vc_column width=&#8220;2\/3&#8243;][vc_empty_space height=&#8220;48px&#8220;][vc_custom_heading text=&#8220;Kurs: Mitgef\u00fchl kultivieren&#8220; font_container=&#8220;tag:h3|font_size:36|text_align:center|color:%23e09d49&#8243; use_theme_fonts=&#8220;yes&#8220;][vc_column_text]<\/p>\n<h6 style=\"text-align: center;\">Innere St\u00e4rke im Alltag<\/h6>\n<p>[\/vc_column_text][vc_column_text]<\/p>\n<p style=\"text-align: center;\">Entdecke, was Mitgef\u00fchl ist und dass du es in dir tr\u00e4gst. In dem Kurs ergr\u00fcnden wir, wie wir es kultivieren k\u00f6nnen und welchen Nutzen Mitgef\u00fchl f\u00fcr uns und die Welt hat.<\/p>\n<p>[\/vc_column_text][vc_empty_space][\/vc_column][vc_column width=&#8220;1\/6&#8243;][\/vc_column][\/vc_row][vc_row][vc_column][vc_single_image image=&#8220;1814&#8243; img_size=&#8220;full&#8220; alignment=&#8220;center&#8220; css=&#8220;.vc_custom_1508835516501{margin-bottom: 0px !important;}&#8220;][vc_empty_space height=&#8220;16px&#8220;]<div class=\"ult_exp_section_layer ult-adjust-bottom-margin  \" >\n\t<div id=\"uvc-exp-wrap-7328\"   data-ultimate-target='#uvc-exp-wrap-7328'  data-responsive-json-new='{\"font-size\":\"desktop:20px;\",\"line-height\":\"desktop:20px;\"}'  class=\"ult_exp_section  ult-responsive \" style=\"color:#333333;background-color:#dbdbdb; font-weight:normal;margin:0px;padding:0px;text-align:center;\" data-textcolor=\"#333333\"data-texthover=\"#333333\"data-icncolor=\"#ffffff\"data-ihover=\"#ffffff\"data-height=\"0\"data-cntbg=\"#dbdbdb\"data-cnthvrbg=\"#e5e5e5\"data-headerbg=\"#dbdbdb\"data-headerhover=\"#e5e5e5\"data-title=\"#\"data-newtitle=\"#\"data-icon=\"Defaults-plus\"data-newicon=\"Defaults-minus\"data-activeicon=\"#ffffff\"data-icnbg=\"#e09d49\"data-icnhvrbg=\"#e09d49\"data-activeiconbg=\"#e09d49\"data-effect=\"slideToggle\"data-override=\"full\"data-activetitle=\"#333333\"data-activebg=\"#dbdbdb\"data-img=\"\"data-newimg=\"\"><div class=\"ult_exp_section-main \">\n\t\t\t\t\t\t\t<div class=\"ult-just-icon-wrapper ult_exp_icon\">\n\t\t\t\t\t<div class=\"align-icon \">\n\t\t\t\t\t\t\n<span class=\"aio-icon  circle  ult_expsection_icon \"  style=\"color:#ffffff;background:#e09d49;font-size:14px;display:inline-block;\">\n\t<i class=\"Defaults-plus ult_ex_icon\"  ><\/i>\n<\/span>\n\t\t\t\t\t<\/div>\n\t\t\t\t<\/div>\n\t\t\t\t\t\t<div class=\"ult_expheader\" >#\n\t\t\t\t\t\t <\/div><\/div>\n\t\t\t\t<\/div><div class=\"ult_exp_content \" style=\"background-color:#ffffff;  \"><div class=\"ult_ecpsub_cont\" style=\" \" >[vc_row_inner][vc_column_inner width=&#8220;1\/2&#8243;][vc_column_text]<\/p>\n<p style=\"text-align: left;\">Der Kurs vermittelt einfache \u00dcbungen, mit denen wir die Kraft des Mitgef\u00fchls \u2013 Warmherzigkeit, Einf\u00fchlungsverm\u00f6gen, Offenheit und Geistesgr\u00f6\u00dfe \u2013 in uns finden. Dadurch k\u00f6nnen wir gelassener und zufriedener auf die Herausforderungen im Leben reagieren und unsere Beziehungen entscheidend verbessern.<\/p>\n<p style=\"text-align: left;\">Mitgef\u00fchl und Liebe sind grundlegende menschliche Eigenschaften. Mit ihnen k\u00f6nnen wir uns f\u00fcr die Herausforderungen des Lebens st\u00e4rken. Wenn wir die Kraft des Mitgef\u00fchls \u2013 Warmherzigkeit, Einf\u00fchlungsverm\u00f6gen, Offenheit und Geistesgr\u00f6\u00dfe \u2013 in uns st\u00e4rken und ausdehnen, k\u00f6nnen wir so auch unser Wohlbefinden, unsere Zufriedenheit und Beziehungen entscheidend verbessern.<\/p>\n<p style=\"text-align: left;\">Im Kurs schauen wir uns gemeinsam die verschiedenen Aspekte von Mitgef\u00fchl an, sowohl aus der eigenen Erfahrung heraus, als auch aus einer buddhistischen und einer modernen wissenschaftlichen Sichtweise.<\/p>\n<p>[\/vc_column_text][\/vc_column_inner][vc_column_inner width=&#8220;1\/2&#8243;][vc_single_image image=&#8220;1812&#8243; img_size=&#8220;full&#8220;][\/vc_column_inner][\/vc_row_inner]<\/div><\/div>\n\n\t\t\t<\/div><div class=\"zh_ajaxkalender loading\" data-color=\"#e09d49\" data-id=\"365377\" data-url=\"https:\/\/www.rigpaevents.de\/kalender\/index.php?cal_ajax=1&amp;mod=events&amp;ansicht=btn&amp;id=125&url=http:\/\/wp12379237.server-he.de\/wordpress_stage\/wp-json\/wp\/v2\/pages\/779\"><\/div>\n        <style>\n          div.zh_ajaxkalender[data-color=\"#e09d49\"] div.events-btn-cont,\n          div.zh_ajaxkalender[data-color=\"#e09d49\"] div.events-btn-cont:hover > div {\n            border-color: #e09d49 !important;\n          }\n          div.zh_ajaxkalender[data-color=\"#e09d49\"] div.events-btn-cont span:after {\n            background-color: #e09d49 !important;\n          }\n        <\/style>\n      [vc_empty_space][\/vc_column][\/vc_row][vc_row][vc_column][vc_separator color=&#8220;chino&#8220;][\/vc_column][\/vc_row][vc_row][vc_column width=&#8220;1\/6&#8243;][\/vc_column][vc_column width=&#8220;2\/3&#8243;][vc_empty_space][vc_custom_heading text=&#8220;Offene Angebote&#8220; font_container=&#8220;tag:h3|font_size:36|text_align:center|color:%23e09d49&#8243; use_theme_fonts=&#8220;yes&#8220;][vc_column_text]<\/p>\n<h6 style=\"text-align: center;\">Auf Spendenbasis<\/h6>\n<p>[\/vc_column_text][vc_column_text]<\/p>\n<p style=\"text-align: center;\">Schau vorbei, wann es dir passt. Erhalte eine kurze Einf\u00fchrung in die Meditation der liebenden G\u00fcte unter Anleitung erfahrener Meditierender. Die offenen Angebote sind f\u00fcr Anf\u00e4nger*innen und f\u00fcr alle, die meditieren wollen.<\/p>\n<p>[\/vc_column_text][vc_empty_space el_id=&#8220;8&#8243;][\/vc_column][vc_column width=&#8220;1\/6&#8243;][\/vc_column][\/vc_row][vc_row][vc_column][vc_single_image image=&#8220;1800&#8243; img_size=&#8220;full&#8220; alignment=&#8220;center&#8220; css=&#8220;.vc_custom_1508835549889{margin-bottom: 0px !important;}&#8220;][vc_empty_space height=&#8220;8px&#8220;]<div class=\"ult_exp_section_layer ult-adjust-bottom-margin  \" >\n\t<div id=\"uvc-exp-wrap-9653\"   data-ultimate-target='#uvc-exp-wrap-9653'  data-responsive-json-new='{\"font-size\":\"desktop:20px;\",\"line-height\":\"desktop:20px;\"}'  class=\"ult_exp_section  ult-responsive \" style=\"color:#333333;background-color:#dbdbdb; font-weight:normal;margin:0px;padding:0px;text-align:center;\" data-textcolor=\"#333333\"data-texthover=\"#333333\"data-icncolor=\"#ffffff\"data-ihover=\"#ffffff\"data-height=\"0\"data-cntbg=\"#dbdbdb\"data-cnthvrbg=\"#e5e5e5\"data-headerbg=\"#dbdbdb\"data-headerhover=\"#e5e5e5\"data-title=\"#\"data-newtitle=\"#\"data-icon=\"Defaults-plus\"data-newicon=\"Defaults-minus\"data-activeicon=\"#ffffff\"data-icnbg=\"#e09d49\"data-icnhvrbg=\"#e09d49\"data-activeiconbg=\"#e09d49\"data-effect=\"slideToggle\"data-override=\"0\"data-activetitle=\"#333333\"data-activebg=\"#dbdbdb\"data-img=\"\"data-newimg=\"\"><div class=\"ult_exp_section-main \">\n\t\t\t\t\t\t\t<div class=\"ult-just-icon-wrapper ult_exp_icon\">\n\t\t\t\t\t<div class=\"align-icon \">\n\t\t\t\t\t\t\n<span class=\"aio-icon  circle  ult_expsection_icon \"  style=\"color:#ffffff;background:#e09d49;font-size:14px;display:inline-block;\">\n\t<i class=\"Defaults-plus ult_ex_icon\"  ><\/i>\n<\/span>\n\t\t\t\t\t<\/div>\n\t\t\t\t<\/div>\n\t\t\t\t\t\t<div class=\"ult_expheader\" >#\n\t\t\t\t\t\t <\/div><\/div>\n\t\t\t\t<\/div><div class=\"ult_exp_content \" style=\"background-color:#ffffff;  \"><div class=\"ult_ecpsub_cont\" style=\" \" >[vc_row_inner][vc_column_inner][vc_column_text]<\/p>\n<p style=\"text-align: left;\">Du m\u00f6chtest den Reichtum nat\u00fcrlich entstehender, bedingungslose Liebe enth\u00fcllen, den jeder von uns im Herzen tr\u00e4gt? Diese Meditation unterst\u00fctzt uns, die Quelle echter Gutherzigkeit in uns zu \u00f6ffnen. Wir lernen, uns selbst auf gesunde, heilsame Weise zu lieben und so unsere Haltung anderen gegen\u00fcber zu verwandeln.<\/p>\n<p>[\/vc_column_text][\/vc_column_inner][\/vc_row_inner]<\/div><\/div>\n\n\t\t\t<\/div><div class=\"zh_ajaxkalender loading\" data-color=\"#e09d49\" data-id=\"571242\" data-url=\"https:\/\/www.rigpaevents.de\/kalender\/index.php?cal_ajax=1&mod=events&ansicht=btn&id=347&url=http:\/\/wp12379237.server-he.de\/wordpress_stage\/wp-json\/wp\/v2\/pages\/779\"><\/div>\n        <style>\n          div.zh_ajaxkalender[data-color=\"#e09d49\"] div.events-btn-cont,\n          div.zh_ajaxkalender[data-color=\"#e09d49\"] div.events-btn-cont:hover > div {\n            border-color: #e09d49 !important;\n          }\n          div.zh_ajaxkalender[data-color=\"#e09d49\"] div.events-btn-cont span:after {\n            background-color: #e09d49 !important;\n          }\n        <\/style>\n      [vc_empty_space][\/vc_column][\/vc_row][vc_row][vc_column][vc_separator color=&#8220;chino&#8220;][\/vc_column][\/vc_row][vc_row][vc_column][vc_empty_space]<div class=\" ubtn-ctn-center \"><a class=\"ubtn-link ult-adjust-bottom-margin ubtn-center ubtn-large \" href=\"http:\/\/wp12379237.server-he.de\/wordpress_stage\/angebot\/mitgefuehl\/\" ><button type=\"button\" id=\"ubtn-7603\"  class=\"ubtn ult-adjust-bottom-margin ult-responsive ubtn-large ubtn-no-hover-bg  none  ubtn-center   tooltip-69d1e998384d7\"  data-hover=\"\" data-border-color=\"\" data-bg=\"#e09d49\" data-hover-bg=\"\" data-border-hover=\"\" data-shadow-hover=\"\" data-shadow-click=\"none\" data-shadow=\"\" data-shd-shadow=\"\"  data-ultimate-target='#ubtn-7603'  data-responsive-json-new='{\"font-size\":\"\",\"line-height\":\"\"}'  style=\"font-weight:normal;border:none;background: #e09d49;color: #ffffff;\"><span class=\"ubtn-hover\" style=\"background-color:\"><\/span><span class=\"ubtn-data ubtn-text \" >Mehr Infos \u00fcber Mitgef\u00fchl<\/span><\/button><\/a><\/div>[\/vc_column][\/vc_row]<\/p>\n","protected":false},"excerpt":{"rendered":"<p>[vc_row type=&#8220;1&#8243;][vc_column][vc_empty_space][vc_empty_space height=&#8220;48px&#8220;][\/vc_column][\/vc_row][vc_row][vc_column width=&#8220;1\/6&#8243;][\/vc_column][vc_column width=&#8220;2\/3&#8243;][vc_empty_space height=&#8220;48px&#8220;][vc_custom_heading text=&#8220;Kurs: Mitgef\u00fchl kultivieren&#8220; font_container=&#8220;tag:h3|font_size:36|text_align:center|color:%23e09d49&#8243; use_theme_fonts=&#8220;yes&#8220;][vc_column_text] Innere St\u00e4rke im Alltag [\/vc_column_text][vc_column_text] Entdecke, was Mitgef\u00fchl ist und dass du es in dir tr\u00e4gst. In dem Kurs ergr\u00fcnden wir, wie wir es kultivieren k\u00f6nnen und welchen Nutzen Mitgef\u00fchl f\u00fcr uns und die Welt hat. [\/vc_column_text][vc_empty_space][\/vc_column][vc_column width=&#8220;1\/6&#8243;][\/vc_column][\/vc_row][vc_row][vc_column][vc_single_image image=&#8220;1814&#8243; img_size=&#8220;full&#8220; alignment=&#8220;center&#8220; css=&#8220;.vc_custom_1508835516501{margin-bottom: 0px !important;}&#8220;][vc_empty_space&hellip;<\/p>\n","protected":false},"author":2,"featured_media":0,"parent":193,"menu_order":0,"comment_status":"closed","ping_status":"closed","template":"","meta":[],"acf":[],"yoast_head":"<!-- This site is optimized with the Yoast SEO plugin v19.0 - https:\/\/yoast.com\/wordpress\/plugins\/seo\/ -->\n<title>Mitgef\u00fchl - Rigpa e.V.<\/title>\n<meta name=\"robots\" content=\"index, follow, max-snippet:-1, max-image-preview:large, max-video-preview:-1\" \/>\n<link rel=\"canonical\" href=\"http:\/\/wp12379237.server-he.de\/wordpress_stage\/termine\/mitgefuehl\/\" \/>\n<meta property=\"og:locale\" content=\"de_DE\" \/>\n<meta property=\"og:type\" content=\"article\" \/>\n<meta property=\"og:title\" content=\"Mitgef\u00fchl - Rigpa e.V.\" \/>\n<meta property=\"og:description\" content=\"[vc_row type=&#8220;1&#8243;][vc_column][vc_empty_space][vc_empty_space height=&#8220;48px&#8220;][\/vc_column][\/vc_row][vc_row][vc_column width=&#8220;1\/6&#8243;][\/vc_column][vc_column width=&#8220;2\/3&#8243;][vc_empty_space height=&#8220;48px&#8220;][vc_custom_heading text=&#8220;Kurs: Mitgef\u00fchl kultivieren&#8220; font_container=&#8220;tag:h3|font_size:36|text_align:center|color:%23e09d49&#8243; use_theme_fonts=&#8220;yes&#8220;][vc_column_text] Innere St\u00e4rke im Alltag [\/vc_column_text][vc_column_text] Entdecke, was Mitgef\u00fchl ist und dass du es in dir tr\u00e4gst. In dem Kurs ergr\u00fcnden wir, wie wir es kultivieren k\u00f6nnen und welchen Nutzen Mitgef\u00fchl f\u00fcr uns und die Welt hat. [\/vc_column_text][vc_empty_space][\/vc_column][vc_column width=&#8220;1\/6&#8243;][\/vc_column][\/vc_row][vc_row][vc_column][vc_single_image image=&#8220;1814&#8243; img_size=&#8220;full&#8220; alignment=&#8220;center&#8220; css=&#8220;.vc_custom_1508835516501{margin-bottom: 0px !important;}&#8220;][vc_empty_space&hellip;\" \/>\n<meta property=\"og:url\" content=\"http:\/\/wp12379237.server-he.de\/wordpress_stage\/termine\/mitgefuehl\/\" \/>\n<meta property=\"og:site_name\" content=\"Rigpa e.V.\" \/>\n<meta property=\"article:publisher\" content=\"https:\/\/www.facebook.com\/Dharma.Mati.Rigpa\/\" \/>\n<meta property=\"article:modified_time\" content=\"2020-05-19T13:39:18+00:00\" \/>\n<meta name=\"twitter:card\" content=\"summary\" \/>\n<meta name=\"twitter:label1\" content=\"Gesch\u00e4tzte Lesezeit\" \/>\n\t<meta name=\"twitter:data1\" content=\"4\u00a0Minuten\" \/>\n<script type=\"application\/ld+json\" class=\"yoast-schema-graph\">{\"@context\":\"https:\/\/schema.org\",\"@graph\":[{\"@type\":\"WebSite\",\"@id\":\"https:\/\/wp12379237.server-he.de\/wordpress_stage\/#website\",\"url\":\"https:\/\/wp12379237.server-he.de\/wordpress_stage\/\",\"name\":\"Rigpa e.V.\",\"description\":\"Eine weitere WordPress-Website\",\"potentialAction\":[{\"@type\":\"SearchAction\",\"target\":{\"@type\":\"EntryPoint\",\"urlTemplate\":\"https:\/\/wp12379237.server-he.de\/wordpress_stage\/?s={search_term_string}\"},\"query-input\":\"required name=search_term_string\"}],\"inLanguage\":\"de\"},{\"@type\":\"WebPage\",\"@id\":\"http:\/\/wp12379237.server-he.de\/wordpress_stage\/termine\/mitgefuehl\/#webpage\",\"url\":\"http:\/\/wp12379237.server-he.de\/wordpress_stage\/termine\/mitgefuehl\/\",\"name\":\"Mitgef\u00fchl - Rigpa e.V.\",\"isPartOf\":{\"@id\":\"https:\/\/wp12379237.server-he.de\/wordpress_stage\/#website\"},\"datePublished\":\"2017-07-11T08:18:10+00:00\",\"dateModified\":\"2020-05-19T13:39:18+00:00\",\"breadcrumb\":{\"@id\":\"http:\/\/wp12379237.server-he.de\/wordpress_stage\/termine\/mitgefuehl\/#breadcrumb\"},\"inLanguage\":\"de\",\"potentialAction\":[{\"@type\":\"ReadAction\",\"target\":[\"http:\/\/wp12379237.server-he.de\/wordpress_stage\/termine\/mitgefuehl\/\"]}]},{\"@type\":\"BreadcrumbList\",\"@id\":\"http:\/\/wp12379237.server-he.de\/wordpress_stage\/termine\/mitgefuehl\/#breadcrumb\",\"itemListElement\":[{\"@type\":\"ListItem\",\"position\":1,\"name\":\"Startseite\",\"item\":\"https:\/\/wp12379237.server-he.de\/wordpress_stage\/\"},{\"@type\":\"ListItem\",\"position\":2,\"name\":\"Termine\",\"item\":\"http:\/\/wp12379237.server-he.de\/wordpress_stage\/termine\/\"},{\"@type\":\"ListItem\",\"position\":3,\"name\":\"Mitgef\u00fchl\"}]}]}<\/script>\n<!-- \/ Yoast SEO plugin. -->","yoast_head_json":{"title":"Mitgef\u00fchl - Rigpa e.V.","robots":{"index":"index","follow":"follow","max-snippet":"max-snippet:-1","max-image-preview":"max-image-preview:large","max-video-preview":"max-video-preview:-1"},"canonical":"http:\/\/wp12379237.server-he.de\/wordpress_stage\/termine\/mitgefuehl\/","og_locale":"de_DE","og_type":"article","og_title":"Mitgef\u00fchl - Rigpa e.V.","og_description":"[vc_row type=&#8220;1&#8243;][vc_column][vc_empty_space][vc_empty_space height=&#8220;48px&#8220;][\/vc_column][\/vc_row][vc_row][vc_column width=&#8220;1\/6&#8243;][\/vc_column][vc_column width=&#8220;2\/3&#8243;][vc_empty_space height=&#8220;48px&#8220;][vc_custom_heading text=&#8220;Kurs: Mitgef\u00fchl kultivieren&#8220; font_container=&#8220;tag:h3|font_size:36|text_align:center|color:%23e09d49&#8243; use_theme_fonts=&#8220;yes&#8220;][vc_column_text] Innere St\u00e4rke im Alltag [\/vc_column_text][vc_column_text] Entdecke, was Mitgef\u00fchl ist und dass du es in dir tr\u00e4gst. In dem Kurs ergr\u00fcnden wir, wie wir es kultivieren k\u00f6nnen und welchen Nutzen Mitgef\u00fchl f\u00fcr uns und die Welt hat. [\/vc_column_text][vc_empty_space][\/vc_column][vc_column width=&#8220;1\/6&#8243;][\/vc_column][\/vc_row][vc_row][vc_column][vc_single_image image=&#8220;1814&#8243; img_size=&#8220;full&#8220; alignment=&#8220;center&#8220; css=&#8220;.vc_custom_1508835516501{margin-bottom: 0px !important;}&#8220;][vc_empty_space&hellip;","og_url":"http:\/\/wp12379237.server-he.de\/wordpress_stage\/termine\/mitgefuehl\/","og_site_name":"Rigpa e.V.","article_publisher":"https:\/\/www.facebook.com\/Dharma.Mati.Rigpa\/","article_modified_time":"2020-05-19T13:39:18+00:00","twitter_card":"summary","twitter_misc":{"Gesch\u00e4tzte Lesezeit":"4\u00a0Minuten"},"schema":{"@context":"https:\/\/schema.org","@graph":[{"@type":"WebSite","@id":"https:\/\/wp12379237.server-he.de\/wordpress_stage\/#website","url":"https:\/\/wp12379237.server-he.de\/wordpress_stage\/","name":"Rigpa e.V.","description":"Eine weitere WordPress-Website","potentialAction":[{"@type":"SearchAction","target":{"@type":"EntryPoint","urlTemplate":"https:\/\/wp12379237.server-he.de\/wordpress_stage\/?s={search_term_string}"},"query-input":"required name=search_term_string"}],"inLanguage":"de"},{"@type":"WebPage","@id":"http:\/\/wp12379237.server-he.de\/wordpress_stage\/termine\/mitgefuehl\/#webpage","url":"http:\/\/wp12379237.server-he.de\/wordpress_stage\/termine\/mitgefuehl\/","name":"Mitgef\u00fchl - Rigpa e.V.","isPartOf":{"@id":"https:\/\/wp12379237.server-he.de\/wordpress_stage\/#website"},"datePublished":"2017-07-11T08:18:10+00:00","dateModified":"2020-05-19T13:39:18+00:00","breadcrumb":{"@id":"http:\/\/wp12379237.server-he.de\/wordpress_stage\/termine\/mitgefuehl\/#breadcrumb"},"inLanguage":"de","potentialAction":[{"@type":"ReadAction","target":["http:\/\/wp12379237.server-he.de\/wordpress_stage\/termine\/mitgefuehl\/"]}]},{"@type":"BreadcrumbList","@id":"http:\/\/wp12379237.server-he.de\/wordpress_stage\/termine\/mitgefuehl\/#breadcrumb","itemListElement":[{"@type":"ListItem","position":1,"name":"Startseite","item":"https:\/\/wp12379237.server-he.de\/wordpress_stage\/"},{"@type":"ListItem","position":2,"name":"Termine","item":"http:\/\/wp12379237.server-he.de\/wordpress_stage\/termine\/"},{"@type":"ListItem","position":3,"name":"Mitgef\u00fchl"}]}]}},"_links":{"self":[{"href":"http:\/\/wp12379237.server-he.de\/wordpress_stage\/wp-json\/wp\/v2\/pages\/779"}],"collection":[{"href":"http:\/\/wp12379237.server-he.de\/wordpress_stage\/wp-json\/wp\/v2\/pages"}],"about":[{"href":"http:\/\/wp12379237.server-he.de\/wordpress_stage\/wp-json\/wp\/v2\/types\/page"}],"author":[{"embeddable":true,"href":"http:\/\/wp12379237.server-he.de\/wordpress_stage\/wp-json\/wp\/v2\/users\/2"}],"replies":[{"embeddable":true,"href":"http:\/\/wp12379237.server-he.de\/wordpress_stage\/wp-json\/wp\/v2\/comments?post=779"}],"version-history":[{"count":22,"href":"http:\/\/wp12379237.server-he.de\/wordpress_stage\/wp-json\/wp\/v2\/pages\/779\/revisions"}],"predecessor-version":[{"id":6290,"href":"http:\/\/wp12379237.server-he.de\/wordpress_stage\/wp-json\/wp\/v2\/pages\/779\/revisions\/6290"}],"up":[{"embeddable":true,"href":"http:\/\/wp12379237.server-he.de\/wordpress_stage\/wp-json\/wp\/v2\/pages\/193"}],"wp:attachment":[{"href":"http:\/\/wp12379237.server-he.de\/wordpress_stage\/wp-json\/wp\/v2\/media?parent=779"}],"curies":[{"name":"wp","href":"https:\/\/api.w.org\/{rel}","templated":true}]}}